me factors of c.
13
Suppose 0*l - 2*l - 3*h = 2, 3*l + 18 = 3*h. Suppose -3*w - 22 = -6*w - c, 4*c - 16 = -3*w. List the prime factors of ((-39)/l)/(3/w).
2, 13
Suppose 0 = 4*u + a - 190 - 141, 5*a = -u + 59. Suppose 0 = -3*q + 7*q + u. Let p = 30 + q. List the prime factors of p.
3
Let p(u) = 20*u**2 + 3*u + 16. What are the prime factors of p(7)?
3, 113
Let d(w) = -w**3 - 11*w**2 - 14*w + 2. Let b = -22 + 12. Let x be d(b). Suppose 2*l + x = 120. List the prime factors of l.
3, 13
Let h = 102 - -21. What are the prime factors of h?
3, 41
What are the prime factors of ((-15)/(-18) + -1)*(-375660)/30?
2087
Suppose 3*a - 3*r - 1026 = 0, 4*a - 218 = 5*r + 1148. Let u = a - 194. List the prime factors of u.
2, 3, 5
Suppose 4 = -z, -3*i + 340 = -7*i + 3*z. Let f = -60 - i. List the prime factors of f.
2, 7
List the prime factors of ((-10300)/125)/((-2)/15).
2, 3, 103
Suppose 5*n - 7*n + 96 = 0. Let b be n*((-30)/(-9) + -1). Suppose -b = -2*l + 2*o, 2*l - o = 3*o + 110. List the prime factors of l.
3, 19
Suppose 2*v = 3*k - 27, 4*v - 36 = -4*k + 2*v. Suppose -4*f + k*f - 200 = 0. What are the prime factors of f?
2, 5
Suppose 10*t - 17*t + 1295 = 0. Suppose 2*f - 3*l - t = f, -740 = -4*f + l. List the prime factors of f.
5, 37
Suppose 0*f = -5*f. Suppose f = 47*k - 50*k + 330. What are the prime factors of k?
2, 5, 11
Suppose 135 = 4*f - 9*f. What are the prime factors of (194/(-4))/(4 - f/(-6))?
97
Let r be ((-48)/56)/((-1)/(-14)). Let k be (-465)/r - (-8)/32. Let s = -16 + k. What are the prime factors of s?
23
Suppose -h = -3*b + 1396, -4*b - 142 + 2000 = 2*h. What are the prime factors of b?
3, 5, 31
Let y be 6/(-21) - (-2484)/(-28). Let t = -38 - y. List the prime factors of t.
3, 17
Let b(q) = -394*q - 937. List the prime factors of b(-7).
3, 607
Let l(h) = h**2 - 17*h + 12. Let n be l(13). Let z = -31 - n. List the prime factors of 1*z/(-12)*-16.
2, 3
Let v(x) = x**3 + 5*x**2 + 3*x + 5. Suppose 4 = -m + 5. Suppose 4 = -4*z, 2*b = -2*z + m - 11. What are the prime factors of v(b)?
3
Let y(b) = -39*b + 5. Let m be y(-6). Suppose 3*r + 4*x - 745 = 2*x, r - m = 4*x. List the prime factors of r.
13, 19
Suppose 3*o = 4*b - 6, -2*o + 6 = 2. Let g = 96 + -92. Let i = b + g. List the prime factors of i.
7
Let s(r) = 7*r**2 + 15*r - 48. List the prime factors of s(-10).
2, 251
Let u be -97 - ((-6)/39 + 111/(-39)). Let n = 302 + u. List the prime factors of n.
2, 13
Suppose -4*r = 4*h - 16412, r - 4145 = -4*h - 45. What are the prime factors of r?
2, 3, 19
Let r be 0/(2/(-2) + 0). Suppose 3*f - 66 + 18 = r. What are the prime factors of f?
2
Suppose 0*b - 5*b - 10 = 0. Let o be 6*b + (0 - 0). What are the prime factors of 2/o + (-392)/(-48)?
2
Let v(u) = -410*u - 164. List the prime factors of v(-7).
2, 3, 11, 41
Let f = 20 + -15. Suppose t - 18 = -a, 28 = -f*t - 2*a + 103. Suppose -5*g = -t - 37. List the prime factors of g.
2, 5
Let v(o) be the third derivative of o**4/6 - o**3 - 12*o**2. List the prime factors of v(7).
2, 11
Let f(x) = -9*x - 14 - 13 + x**2 + 2. List the prime factors of f(15).
5, 13
Let a(g) = -1340*g**3 - 3*g**2 - g + 1. List the prime factors of a(-1).
13, 103
Let v = 23 + -17. Let i(a) = -a**3 + 5*a**2 + 5*a + 8. Let d be i(v). Suppose -m - r + 32 - 7 = 0, m + d*r = 21. List the prime factors of m.
29
Let a be 7/(-1) + 3/(-1). Let f be a/35 + 58/7. List the prime factors of (-41)/(-1) - 32/f.
37
Let l = -39 + 50. Let p(i) = -i**2 + 25*i - 33. What are the prime factors of p(l)?
11
Let g be -7 + (1 - (0/(-2))/(-4)). What are the prime factors of g*74*2/(-24)?
37
Suppose -2*z + 18 = -8. Suppose 4*j + 19 = 3*o, -3 + z = -j - o. Let q = j + 11. List the prime factors of q.
2
Let c = 14 + 130. Let n = c - -40. What are the prime factors of n?
2, 23
Let a(l) = l**3 - 6*l**2 + 3*l - 7. Let o be a(5). Let r = 31 + o. List the prime factors of (2 - 0)*(r - 13).
2
Suppose 0 = f - 279 - 281. Suppose -9*a + 5*a + f = 0. What are the prime factors of a?
2, 5, 7
Let x be (0 - (-4)/(-12))*-12. Suppose -631 = -x*w + 73. Suppose 5*t - 19 - w = 0. What are the prime factors of t?
3, 13
Suppose 0 = -0*n - 3*n + 120. Suppose 13*m = 8*m + n. Suppose 6*r - m - 40 = 0. List the prime factors of r.
2
What are the prime factors of 513 + 6 - (-2 + 13)?
2, 127
Suppose 2*q - 10 = -0*q. Suppose -2*o + 70 = 3*o. Let i = o + q. List the prime factors of i.
19
What are the prime factors of -1 - (-242 + (-8)/(-4))?
239
Suppose -2*n + 32 = -32. Let y = n - 1. List the prime factors of y.
31
Let t be 3 + -9*12/4. List the prime factors of (t/(-7))/(5/35).
2, 3
Let t = 4294 + -1593. List the prime factors of t.
37, 73
Suppose 24*d - 20253 = -4*y + 21*d, 0 = 2*y - 4*d - 10154. List the prime factors of y.
3, 563
Let j(i) = 165*i + 478. List the prime factors of j(15).
2953
Suppose c = -3*o + 26, -13 + 3 = -2*c. Let d be 2*13 + o/7. Suppose 3*x + d = f, -3 - 12 = -3*x. List the prime factors of f.
2, 3, 7
Suppose 4*i = 5*i + 2*i. Suppose 31*w - 29*w - 204 = i. List the prime factors of w.
2, 3, 17
Let q(z) = -z + 16. Let j be (1/1)/((-2)/(-26)). Let d be q(j). Suppose -3*v + d*h = -63, -4*v + h = 4*h - 91. List the prime factors of v.
2, 11
Let o(z) = -z + 2. Let a be o(0). Suppose -53 = -a*c + 63. Let w = c + -25. List the prime factors of w.
3, 11
Let t(n) = -42*n**2 + 1. Let v be t(1). Let j = -14 - v. List the prime factors of j.
3
Let d be 4 + -2 + 0 + (-1 - 1). Suppose 4*m + 5*o - 822 = d, -4*o - 734 = -5*m + 314. List the prime factors of m.
2, 13
Suppose -s = -3*k + 9774, 0 = 5*k - 5*s + 4*s - 16292. List the prime factors of k.
3259
Let b(t) = 0*t - t + 3*t + 0*t. List the prime factors of b(9).
2, 3
Let w(y) = 14*y**2 - 57*y + 20. What are the prime factors of w(13)?
5, 7, 47
What are the prime factors of (6/(-5))/((-13)/((-87360)/(-9)))?
2, 7
Suppose -2*o + l + 22 = 6*l, 2*o - 10 = l. Suppose 9 - o = x. Let m = 21 - x. What are the prime factors of m?
2, 3
Suppose u + 3*q = 4*q + 1, -3*q = -15. Suppose 0 = -u*p - p + 1232. List the prime factors of p.
2, 11
Suppose 15*r + 15*r - 6870 = 0. List the prime factors of r.
229
Let k(w) = w + 2*w**3 - 3*w**3 + 2*w + 2*w**3. List the prime factors of k(4).
2, 19
Let p = -880 - -1125. What are the prime factors of p?
5, 7
Suppose -4*p - 11 = -35. Let r(z) = z**2 - 8*z - 4. Let u(y) = 3*y**2 - 24*y - 11. Let o(j) = 11*r(j) - 4*u(j). What are the prime factors of o(p)?
2, 3
Let g(s) = -9*s - 35. List the prime factors of g(-10).
5, 11
Suppose -4*v + 3*h = -3*v - 360, 0 = -2*v - 5*h + 698. List the prime factors of v.
2, 3, 59
Let s = 313 + -185. Suppose 5*o + 526 = 4*j + s, 4*j = -4*o + 416. Suppose -x + j = 2*x. List the prime factors of x.
2, 17
What are the prime factors of 441 + (15/3 - -1)?
3, 149
Let a = -509 + 2633. List the prime factors of a.
2, 3, 59
Suppose 5*a - 13 = 5*d - 2*d, -a - 3*d = 1. Let r(c) = 2*c**3 - c**2 - 2*c. Let m be r(2). What are the prime factors of a/m + 1155/20?
2, 29
Let w be 4/10*(45 - 40). Let a = -4 + 6. Suppose o + z + 46 = 2*o, w*z + a = 0. List the prime factors of o.
3, 5
Let g(q) = 55*q**2 - q - 4. List the prime factors of g(-2).
2, 109
Let g(c) = 2*c + 12. Let p be g(-4). What are the prime factors of 1776/27 - p/(-18)?
2, 3, 11
Let f = -187 + 133. Let k = 6 - f. Suppose -100 = -5*y - 5*o, -o = -2*y - y + k. List the prime factors of y.
2, 5
List the prime factors of (-2119)/(-6) - 3/(-1 - -19).
353
Let o(d) = d - 5. Let j be o(4). List the prime factors of (-1)/(j/108) + -4 + 2.
2, 53
Let l(q) = 40*q - 158. What are the prime factors of l(15)?
2, 13, 17
Let h = -123 + 155. Suppose -2*a = -3*l - 188, -2*l = a - 133 + h. List the prime factors of a.
97
Let p(j) = -4 + 0*j**2 - 8*j**2 + 4*j - 4*j**2 + j**3 - 26. List the prime factors of p(12).
2, 3
Suppose 90 = 4*l - l. Suppose -l = -3*m + 9. List the prime factors of m.
13
Let h be 2/1 + (5 - 5). Suppose -n + 0 = h. List the prime factors of ((-1)/4)/(n/56).
7
What are the prime factors of 6 + (1 - 3) + 2323?
13, 179
Let u(c) = -5*c + 3. Let g(h) = -2*h + 1. Let m(a) = -2*a - 3. Let r be m(3). Let y(o) = r*g(o) + 4*u(o). List the prime factors of y(-4).
11
Suppose -5*v + 4*g + 464 = -76, 0 = -5*g. Suppose 150*a = 148*a + 274. Suppose -7*p + a = -v. What are the prime factors of p?
5, 7
Suppose 0 = 5*h + 4*q - 9 - 5, -4*